n l(-14) is divided by p?
1
Let a = 20339 - 20288. Let j(m) = m**2 - 5*m + 2. Let p be j(4). Let d = 11 - p. What is the remainder when a is divided by d?
12
Calculate the remainder when 182 + ((-2)/6)/(17/(-204)) is divided by 7.
4
Let p = -110 + 113. Let q = -3 - -16. What is the remainder when q is divided by p?
1
Let b(p) = -18 + 27 + 4*p - 3*p**2 + 4*p**2. Calculate the remainder when b(-5) is divided by 4.
2
Let d = 940 - 912. Calculate the remainder when 145 is divided by d.
5
Suppose -2*m + m - 2*x = -98, 3*m = -x + 289. Calculate the remainder when m is divided by 34.
28
Let v = 163 - 57. Let g = v - 28. What is the remainder when g is divided by 8?
6
Let u = -10 - -5. Suppose -19*g = -14*g - 125. What is the remainder when g is divided by 17/2 + u/(-10)?
7
Suppose -2*b + 18 = -0*b - 4*g, -5*g = 15. Calculate the remainder when 36 is divided by b.
0
Let x be 2/4 - 35/(-14). Suppose -115 = -y - x*y - u, 5*y - 149 = 4*u. Calculate the remainder when 113 is divided by y.
26
Let f(d) = -3*d**2 - d - 6. Let i be f(-5). Let t = -47 - i. Suppose -3*b + 113 = -2*b. What is the remainder when b is divided by t?
26
Let t be (7/(-7))/(1 - (-8)/(-6)). Suppose -32 - 7 = -t*w. Calculate the remainder when 37 is divided by w.
11
Suppose -u - 30 = 2*p, -u - 5*p - 15 + 0 = 0. Let b = u - -42. What is the remainder when 4 is divided by b?
0
Let k(p) = 11*p + 41. Calculate the remainder when 98 is divided by k(-3).
2
Suppose -5*o + 425 = 2*d, 838 = 4*d + 4*o - 42. Calculate the remainder when d is divided by 118.
107
Let c(w) = w + 45. What is the remainder when c(12) is divided by 12?
9
Suppose -3*q = 3*x - 2*q - 23, 2*q + 2 = 0. What is the remainder when 23 is divided by x?
7
Let p be 15890/49 - 4/14. Suppose -6*r + 2*r + p = 0. What is the remainder when r is divided by (1*-1)/(2/(-56))?
25
Suppose 0 = 2*v - 3*p - 151 - 16, 0 = -v + 5*p + 101. Let k = -30 + v. Calculate the remainder when k is divided by 16.
14
Suppose -4*t - 3*h = 43 - 141, 107 = 5*t - 4*h. What is the remainder when 80 is divided by t?
11
Let m be (6/(-4))/((-3)/20). Let s = 3 + m. Calculate the remainder when (12 + 0)/(-1 - 30/(-20)) is divided by s.
11
Let x(y) = 4*y**2 + 12*y + 6. Let b be x(-11). Suppose -4*a + 43 = d - 74, -3*d - 5*a = -b. Calculate the remainder when d is divided by 31.
28
Let p = 896 + -858. Calculate the remainder when 302 is divided by p.
36
Let o = 20 - 0. Let r be (2/4)/((-1)/(-2)). Let j(s) = 7*s**2 - 2*s + 1. What is the remainder when o is divided by j(r)?
2
Suppose 0 = 4*k + 4*d - 40, -3*d = 2*k - 0*k - 15. What is the remainder when k is divided by 11?
4
Suppose 270 = -15*m + 21*m. What is the remainder when 222 is divided by m?
42
Let k(o) be the second derivative of o**4/12 + o**3/6 - o**2 - 15*o. Calculate the remainder when 82 is divided by k(-6).
26
Suppose -220 = 6*c - 8*c + 2*a, a = 1. Calculate the remainder when 339 is divided by c.
6
What is the remainder when 59 is divided by (-6)/48*-6*24?
5
Let i = 200 + -129. Calculate the remainder when 283 is divided by i.
70
Calculate the remainder when ((-66)/(-10))/((-77)/(-3080)) is divided by 38.
36
Suppose y = -2*y + 30. What is the remainder when 567/147 - 1/(-7) is divided by (-2)/y + (-16)/(-5)?
1
Suppose -2*b + 0*b + 110 = 0. Let u(j) = -j**3 + 11*j**2 - 8*j - 6. What is the remainder when b is divided by u(10)?
13
Let b = 5 + -15. Let l = -10 - b. Suppose l = -3*f + 54 + 24. What is the remainder when f is divided by 7?
5
Let y(f) = -2*f + 13. Let c be y(3). Suppose h + 0*h + v = 3, -4*h + c = -v. Calculate the remainder when 7 is divided by h.
1
Let t(q) = 44*q**2 + q. Suppose -10*a + 6*a = -4. Suppose 5*r = 2*f - 42, 5*f - r - 4*r = 90. What is the remainder when t(a) is divided by f?
13
Let t = 529 + -236. What is the remainder when t is divided by 49?
48
Suppose l - 5*l - b - 11 = 0, -12 = 4*b. What is the remainder when 19 is divided by ((-11)/(-3))/(l/(-6))?
8
Suppose -3*o + i - 484 = 0, o = -i - 190 + 34. Let t = -76 - o. What is the remainder when t is divided by 29?
26
Suppose -f + 29 = 3*r, 7*f + 19 = 8*f + 5*r. What is the remainder when 152 is divided by f?
20
Suppose -u + 6 = 2. Suppose 5*g - g = 8. Suppose u*t - g*t = 16. Calculate the remainder when 14 is divided by t.
6
Suppose 0 = -19*m - 15*m + 204. What is the remainder when 1390 is divided by m?
4
Suppose -48 = -22*k + 14*k. Calculate the remainder when 32 is divided by k.
2
Suppose 0 = 4*o + 3*z - 89, 2*z = -2*o - 0*z + 42. What is the remainder when 38 is divided by o?
12
Let s be 2*6/(-4) - 2*5. Let f = s + 27. Calculate the remainder when 96 is divided by f.
12
Let z be (-24)/5*50/15. Calculate the remainder when 189 is divided by z/3*((-13)/2 + 2).
21
Let y = 1426 + -1360. What is the remainder when 119 is divided by y?
53
Suppose 2*z - 9 = -z. Let o be 96/z*(-2)/(-2). Let m = o - 22. What is the remainder when m is divided by 3?
1
Let b = -142 - -304. Calculate the remainder when b is divided by 50.
12
Let m = 83 - 48. Let v = -2 + m. Calculate the remainder when v is divided by 9.
6
Suppose k - 2*k + 44 = 0. Let i(m) = -10*m**3 - 2*m - 1. Let l be i(2). Let r = -61 - l. What is the remainder when k is divided by r?
20
Suppose 264*z - 268*z = -728. Calculate the remainder when z is divided by 30/(-20)*(-92)/3.
44
Let d(z) = z**3 + z**2 + z + 1. Let m be d(-1). Suppose l - 5*l - 4 = m. Calculate the remainder when ((-152)/12)/(l/3) is divided by 20.
18
Suppose 3*t = a + 154, -10 = 4*a + 6. Calculate the remainder when 229 is divided by t.
29
Let g(t) = t + 10. Calculate the remainder when 242 is divided by g(31).
37
Suppose -70 = -3*p - 2*c, -2*p + 2*c + c = -25. What is the remainder when p is divided by (-4)/(-1) - 52/(-13)?
4
Let x(m) = -m**3 + 3*m**2 - 17*m - 49. Calculate the remainder when x(-5) is divided by 40.
36
What is the remainder when 4/(-10)*(-386 + 31) is divided by 27?
7
Let s(r) = 2*r**3 + 11*r**2 + 4*r - 1. What is the remainder when 314/2 - ((-40)/(-8) - 0) is divided by s(-4)?
28
Suppose -4*x + 2 = -6. Suppose -22 = -3*h - i, -h - i + 2 = x*i. Calculate the remainder when 21 is divided by h.
5
Suppose -8*c = 10 - 58. What is the remainder when 49 is divided by 4*50/(-15)*c/(-8)?
9
Suppose 0 = 4*k - 2*s + 14, 1 = 2*k + 2*s - 1. Let d = -16 - -27. Calculate the remainder when (1 - (-43)/(-2))*k is divided by d.
8
Let q be (-10)/(-6)*9 - -1. Let p = q - 7. What is the remainder when p is divided by (6/(-3) - -1)*(2 + -7)?
4
Suppose -10*y + 39 + 211 = 0. What is the remainder when 92 is divided by y?
17
Let i(w) = -w**2 + 35*w - 140. Suppose -3 = -q + 6. Calculate the remainder when i(6) is divided by q.
7
Suppose -3*r = 21 - 27. Suppose -11*k + 12 = -9*k. What is the remainder when k is divided by r?
0
Let x(u) = u**3 + 10*u**2 + 11. Let y = -831 + 859. Calculate the remainder when x(-8) is divided by y.
27
Let o = 35 + -19. Calculate the remainder when 62 is divided by o.
14
Calculate the remainder when 2 - 36/(-2) - 18*(-22)/99 is divided by 15/(-4)*(-8)/2.
9
Suppose 147 = 4*h + 35. Suppose l + l + 5*p = h, 5*p = 3*l - 17. Calculate the remainder when 22 is divided by l.
4
Suppose 34*h = 87*h - 6837. Calculate the remainder when 899 is divided by h.
125
Let h be ((-3)/(-1) - 4)*-2. Let b(l) = -8*l**2 + l**2 - h + 6*l**3 - 5*l**3 - 3 + 8*l. What is the remainder when 12 is divided by b(6)?
5
Suppose q + 2*v = -2*v + 55, -4*q + 3*v = -182. What is the remainder when 54 is divided by q?
7
Let u be (-6)/33 - 237/(-33). Let q(w) = -w**2 + 174. Let m be q(0). Suppose 4*p + m = u*p. Calculate the remainder when p is divided by 20.
18
Suppose -7*u = -4*u + 5*k - 70, 3*k = 3*u - 54. Suppose -4 = r + 3*t, -4*r = -5*t + 16 - 68. Calculate the remainder when u is divided by r.
4
Suppose 0 = 2*t + 2*u - 68, -t - 3*u + 32 + 4 = 0. Let c = -19 - -7. Let g = c - -29. Calculate the remainder when t is divided by g.
16
Let k(f) = -136*f + 35. Suppose 7*x - 3*q - 30 = 3*x, 2 = -q. What is the remainder when k(0) is divided by x?
5
Let t be (-5 + 6)*(1 + 2). Suppose -t*x + 3 = -72. Calculate the remainder when x is divided by 7.
4
Let l = 19 - 6. What is the remainder when l is divided by 6*(-18)/216*-8?
1
Let a = 1672 - 1510. Calculate the remainder when a is divided by 85.
77
Let w(r) = r**3 - 18*r**2 - r +